{"id":338,"date":"2018-09-22T17:49:45","date_gmt":"2018-09-22T14:49:45","guid":{"rendered":"https:\/\/buluttuz.com\/?post_type=product&#038;p=338"},"modified":"2024-06-23T15:18:55","modified_gmt":"2024-06-23T12:18:55","slug":"misvakli-bitkisel-dis-macunu","status":"publish","type":"product","link":"https:\/\/buluttuz.com\/index.php\/urun\/misvakli-bitkisel-dis-macunu\/","title":{"rendered":"Epsom \u0130ngiliz ac\u0131 Tuzu"},"content":{"rendered":"<p>(EPSOM ) \u0130NG\u0130L\u0130Z TUZU -ACI TUZ<br \/>\nEPSOM TUZU ASLINDA MAGNEZYUM S\u00dcLFAT OLARAK DA B\u0130L\u0130NEN VE \u0130\u00c7ER\u0130\u011e\u0130NDE MAGNEZYUM ,K\u00dcK\u00dcRT VE OKS\u0130JEN BULUNAN B\u0130R \u0130NORGAN\u0130K TUZ. G\u00d6R\u00dcNT\u00dcS\u00dc \u0130T\u0130BAR\u0130YLE KAYA TUZUNU NA BENZESE DE KAYA TUZUNDAN FARKLI OLARAK \u0130\u00c7\u0130NDE SODYUM YER\u0130NE MAGNEZYUM YER ALIYOR.<br \/>\nSOFRA TUZUYLA DA ASLA KARI\u015eTIRILMAMASI GEREKEN EPSOM TUZU,ACIMSI B\u0130R TADA SAH\u0130P OLDU\u011eU \u0130\u00c7\u0130N HALK ARASINDA &#8220;ACI TUZ&#8221; OLARAK DA B\u0130L\u0130N\u0130YOR. YAYGIN OLARAK KULLANILAN B\u0130R D\u0130\u011eER \u0130SM\u0130 \u0130SE &#8220;\u0130NG\u0130L\u0130Z TUZU&#8221;<br \/>\nSUDA \u00c7\u00d6Z\u00dcLEB\u0130LEN EPSOM TUZUNUN ADI,SON YILLARDA \u00c7OK DUYULMAYA BA\u015eLASA DA ASLINDA KEND\u0130S\u0130 YILLARDIR B\u0130R\u00c7OK \u00dcR\u00dcN\u00dcN \u0130\u00c7\u0130NDE,\u00d6ZELL\u0130KLE MED\u0130KAL ALANDA SIK\u00c7A KULLANILIYOR,BANYO TUZLARININ \u0130\u00c7\u0130NDE,G\u00dcZELL\u0130K \u00dcR\u00dcNLER\u0130NDE VE HATTA BAH\u00c7EC\u0130L\u0130KTE DE\u011eERLEND\u0130R\u0130L\u0130YOR.<br \/>\nEPSOM TUZUNUN FAYDALARI NELERD\u0130R.<br \/>\n* EPSOM TUZU, KAN DOLA\u015eIMININ HIZLANMASINI SA\u011eLIYOR.<br \/>\n* BU \u00d6ZELL\u0130\u011e\u0130YLE KAS VE EKLEM A\u011eRILARI BA\u015eTA OLMAK \u00dcZERE,V\u00dcCUTTA TAM B\u0130R &#8220;A\u011eRI KES\u0130C\u0130&#8221; G\u00d6REV\u0130 \u00dcSTLEN\u0130YOR.<br \/>\n*Y\u0130NE KAN DOLA\u015eIMINI HIZLANDIRMA \u00d6ZELL\u0130\u011e\u0130 SAYES\u0130NDE DAMAR TIKANIKLI\u011eI G\u0130B\u0130 SORUNLARIN \u00d6N\u00dcNE GE\u00c7\u0130YOR,KALP VE DAMAR HASTALIKLARINA YAKALANMA R\u0130SK\u0130N\u0130 OLDUK\u00c7A AZALTIYOR. S\u0130N\u0130R S\u0130STEM\u0130N\u0130 DENGEDE TUTAR.<br \/>\n*BA\u011eIRSAKLARIN HAREKETLENMES\u0130N\u0130 SA\u011eLAYAN EPSOM TUZU,BU SAYEDE \u00d6ZELL\u0130KLE KABIZLIK SORUNU YA\u015eAYANLARA DESTEK OLUYOR<br \/>\n* SEROTON\u0130N HORMONUNUN SALGILANMASINA YARDIMCI OLAN \u0130\u00c7ER\u0130\u011e\u0130 SAYES\u0130NDE EPSOM TUZU STRES,\u00dcZ\u00dcNT\u00dc,KAYGI,DEPRESYON G\u0130B\u0130 OLUMSUZLUKLARLA BA\u015e ETMEY\u0130 KOLAYLA\u015eTIRIYOR.<br \/>\n* AYNI \u015eEK\u0130LDE STRESE BA\u011eLI UYKUSUZLUKLARIN \u00d6N\u00dcNE GE\u00c7\u0130YOR,KAL\u0130TEL\u0130 B\u0130R UYKU D\u00dcZEN\u0130 SA\u011eLIYOR VE STRES\u0130 ALIYOR.<br \/>\n* KASLARI GEV\u015eET\u0130P S\u0130N\u0130R VE STRES\u0130 UZAKLA\u015eTIRAN EPSOM TUZU,BU \u00d6ZELL\u0130\u011e\u0130 SAYES\u0130NDE Z\u0130H\u0130NSEL YORGUNLUKLARIN DA AZALMASINA YARDIMCI OLUYOR.<br \/>\n* \u0130\u00c7\u0130NDE BOLCA MAGNEZYUM BULUNDU\u011eUNDAN SA\u00c7 SA\u011eLI\u011eINI DESTEKL\u0130YOR.DAHA G\u00dcR,SA\u011eLIKLI VE PARLAK SA\u00c7LARA SAH\u0130P OLMANIZA DESTEK OLUYOR<br \/>\n* D\u00dcZEN\u0130 KULLANIMINDA AYAK KOKUSUNU YOK ETT\u0130\u011e\u0130 DAH\u0130 S\u00d6YLENEN EPSOM TUZU,\u00d6L\u00dc DER\u0130 TABAKALARININ DA DAHA KOLAY TEM\u0130ZLENMES\u0130NE YARDIMCI OLUYOR. \u00d6ZELL\u0130KLE AYAK BANYOSU YAPARKEN KULLANILDI\u011eINDA G\u00dcZEL ETK\u0130LER G\u00d6STER\u0130YOR.<\/p>\n<p>* V\u00dcCUTTA DETOKS ETK\u0130S\u0130 G\u00d6STEREB\u0130LMES\u0130 \u0130\u00c7\u0130N BANYO SUYUNA EKLEND\u0130\u011e\u0130NDE,TOKS\u0130NLER\u0130N V\u00dcCUTTAN UZAKLA\u015eTIRILMASINA \u00d6N AYAK OLUYOR.<br \/>\n* C\u0130LT SA\u011eLI\u011eINI DA OLUMLU Y\u00d6NDE ETK\u0130LEYEN BU ACI TUZ,P\u00dcR\u00dcZS\u00dcZ,YUMU\u015eACIK VE SA\u011eLIKLI B\u0130R C\u0130LDE SAH\u0130P OLMANIZA YARDIM ED\u0130YOR<br \/>\n* TEM\u0130ZL\u0130KTE KULLANILDI\u011eINDA EPSOM TUZU,KALICI SU LEKELER\u0130 BA\u015eTA OLMAK \u00dcZERE B\u0130R\u00c7OK LEKEN\u0130N KOLAYCA \u00c7IKMASINI SA\u011eLIYOR.<br \/>\n* B\u0130TK\u0130 YET\u0130\u015eT\u0130R\u0130C\u0130L\u0130\u011e\u0130NDE KULLANILDI\u011eINDA \u0130SE EPSOM TUZU HEM \u0130\u00c7ER\u0130\u011e\u0130NDEK\u0130 M\u0130NERALLERLE SEBZE VE MEYVELER\u0130N DAHA SA\u011eLIKLI B\u0130R \u015eEK\u0130LDE B\u00dcY\u00dcMES\u0130N\u0130 SA\u011eLIYOR HEM DE HA\u015eERELER\u0130 B\u0130TK\u0130LERDEN UZAK TUTUYOR, AKVARYUM BALIKLARININ TEDAV\u0130S\u0130NE OLUMLU KATKILARI BULUNDU\u011eU DA B\u0130L\u0130N\u0130YOR<br \/>\n* F\u0130BROM\u0130YALJ\u0130 HASTALI\u011eININ TEDAV\u0130S\u0130 \u0130\u00c7\u0130N KULLANILMAKTADIR.<br \/>\n*ENERJ\u0130 D\u00dcZEN\u0130N\u0130 ARTTIRIR.<br \/>\n* ASTIM,BRON\u015e\u0130T,\u0130LT\u0130HAP ,M\u0130GRENE \u0130Y\u0130 GEL\u0130R.<br \/>\n* D\u0130YABET HASTALARI \u0130\u00c7\u0130N OLDUK\u00c7A FAYDA SA\u011eLAR.<br \/>\n* S\u0130YAH NOKTALARIN G\u0130DER\u0130LMES\u0130NDE YARDIMCI OLUR.<br \/>\n* C\u0130LTTEK\u0130 YARALARDA FAYDA SA\u011eLAR.<br \/>\n* DER\u0130 D\u00d6K\u00dcNT\u00dcLER\u0130N\u0130N AZALMASINA YARDIMCI OLUR.<br \/>\n* TOKS\u0130N VE A\u011eIR METALLER\u0130N V\u00dcCUTTAN ATILMASINI SA\u011eLAMAKTADIR.<br \/>\nEPSOM \u0130NG\u0130L\u0130Z TUZUNUN KULLANIMI;<br \/>\nEPSOM TUZU BANYOSU;<br \/>\n* E\u011eER BANYODA DE\u011eERLEND\u0130RECEKSEN\u0130Z VEYA AYAK DETOKSU YAPMAK \u0130ST\u0130YORSANIZ SU DOLU K\u00dcVET\u0130N \u0130Z\u0130N VEYA BANYO SUYUNUZUN \u0130\u00c7\u0130NE ATACA\u011eINIZ B\u0130R AVU\u00c7 EPSOM \u0130NG\u0130L\u0130Z TUZU \u0130LE D\u0130NLEN\u0130R VE YIKANIRKEN C\u0130LD\u0130N\u0130ZDE FAYDA SA\u011eLAR.G\u00dcZEL B\u0130R UYKU UYUMANIZA YARDIM EDER.<br \/>\nC\u0130LT BAKIMI;<br \/>\n* P\u0130L\u0130NG OLARAK OLDUK\u00c7A SIK KULLANILMAKTADIR. HAF\u0130F C\u0130LD\u0130N\u0130Z\u0130 OVALAYARAK S\u0130YAH NOKTALARINIZDAN VE \u00d6L\u00dc DER\u0130LERDEN ARANAB\u0130L\u0130RS\u0130N\u0130Z.<\/p>\n<p>SA\u00c7 BAKIMI VE SA\u00c7 YIKAMA;<br \/>\n* 2 SU BARDA\u011eI SICAK SU \u0130LE B\u0130R TATLI KA\u015eI\u011eI KADAR EPSOM TUZU ER\u0130T\u0130N .KARI\u015eIMI SPREY B\u0130R \u015e\u0130\u015eE \u0130\u00c7ER\u0130S\u0130NE ALARAK SA\u00c7LARINIZDA KULLANIN. VEYA SA\u00c7LARINIZI YA\u015eAYACA\u011eINIZIN SUYUN \u0130\u00c7\u0130NE 1 YEMEK KA\u015eI\u011eI TUZU \u0130LAVE ED\u0130P ER\u0130T\u0130N SONRA SA\u00c7LARINIZI YIKAYIN SA\u00c7LARI UZATIR,CANLILIK VER\u0130R,PARLATIR, SIK VE G\u00dcR SA\u00c7 ELDE EDERS\u0130N\u0130Z.<br \/>\nB\u0130TK\u0130 VE AKVARYUM \u0130\u00c7\u0130N KULLANIM;<br \/>\n* B\u0130TK\u0130 BAKIMINDA KULLANMAK \u0130ST\u0130YORSANIZ 1 YEMEK KA\u015eI\u011eI TUZU B\u0130TK\u0130LER\u0130N\u0130Z\u0130 SUYALACA\u011eINIZ SUDA ER\u0130T\u0130N B\u0130TK\u0130LER\u0130N\u0130Z\u0130 SULAYIN B\u0130TK\u0130LERDE CANLILIK VER\u0130R VE \u00c7ABUK B\u00dcY\u00dcMES\u0130N\u0130 SA\u011eLAR<br \/>\n* AKVARYUM \u0130\u00c7\u0130N KULLANACAKSANIZ BALIKLARIN SA\u011eLIKLI KALMASI UZUN S\u00dcRE YA\u015eAMASI \u0130\u00c7\u0130N 5 LT SUYA YAKLA\u015eIK 1 YEMEK KA\u015eI\u011eI GE\u00c7MEYECEK \u015eEK\u0130LDE ER\u0130T\u0130N VEYA AKVARYUM SUYUNA \u0130LAVE ED\u0130N<br \/>\nM\u00dcSH\u0130L OLARAK KULLANIM;<br \/>\nKABIZLIK,HAZIMSIZLIK,RAHAT TUVALETE \u00c7IKAMAMA G\u0130B\u0130 PROBLEMLERDE 1 SU BARDA\u011eI ILIK SUYA 1 \u00c7AY KA\u015eI\u011eI TUZU ER\u0130T\u0130N VE \u0130\u00c7\u0130N S\u0130Z\u0130 RAHATLATACAKTIR.<br \/>\nEPSOM \u0130NG\u0130L\u0130Z TUZU BU VE BENZER\u0130 RAHATSIZLIKLAR DA B\u0130R \u00c7OK ALANDA KULLANILMAKTADIR.<br \/>\nYAN ETK\u0130LER\u0130 VE ZARARLARI NELERD\u0130R;<br \/>\n* EPSOM \u0130NG\u0130L\u0130Z TUZUNUN SAYMAKLA B\u0130TMEYEN FAYDALARI OLDU\u011eU KADAR ZARARLARDA VARDIR.EPSOM TUZU K\u0130MYASAL B\u0130R B\u0130LE\u015eEN OLDU\u011eUNDAN A\u015eIRI VE YANLI\u015e T\u00dcKET\u0130LMES\u0130 DURUMUNDA M\u0130DE RAHATSIZLIKLARINA ,A\u015eIRI SU KAYBINA,\u0130SHALE,ATE\u015e VE KUSMAYA YOL A\u00c7MAKTADIR.<br \/>\n* BUNLARIN YANI SIRA C\u0130DD\u0130 VE KRON\u0130K B\u0130R RAHATSIZLI\u011eI BULUNANLAR BA\u015eTA OLMAK \u00dcZERE \u0130LK KEZ KULLANMAYA KARAR VEREN HERKES\u0130N \u00d6NCES\u0130NDE MUKLAKA DOKTORUNA DANI\u015eMASI VE DOKTORUN \u00d6NER\u0130LER\u0130 DO\u011eRULTUSUNDA HAREKET ETMES\u0130 GEREKT\u0130\u011e\u0130NDE B\u0130R KEZ DAHA HATIRLATMI\u015e OLALIM.<\/p>\n","protected":false},"excerpt":{"rendered":"<p>(EPSOM ) \u0130NG\u0130L\u0130Z TUZU -ACI TUZ EPSOM TUZU ASLINDA MAGNEZYUM S\u00dcLFAT OLARAK DA B\u0130L\u0130NEN VE \u0130\u00c7ER\u0130\u011e\u0130NDE MAGNEZYUM ,K\u00dcK\u00dcRT VE OKS\u0130JEN BULUNAN B\u0130R \u0130NORGAN\u0130K TUZ. G\u00d6R\u00dcNT\u00dcS\u00dc \u0130T\u0130BAR\u0130YLE KAYA TUZUNU NA BENZESE DE KAYA TUZUNDAN FARKLI OLARAK \u0130\u00c7\u0130NDE SODYUM YER\u0130NE MAGNEZYUM YER ALIYOR. SOFRA TUZUYLA DA ASLA KARI\u015eTIRILMAMASI GEREKEN EPSOM TUZU,ACIMSI B\u0130R TADA SAH\u0130P OLDU\u011eU \u0130\u00c7\u0130N HALK [&hellip;]<\/p>\n","protected":false},"featured_media":2939,"comment_status":"open","ping_status":"closed","template":"","meta":{"jetpack_post_was_ever_published":false,"jetpack_publicize_message":"","jetpack_is_tweetstorm":false,"jetpack_publicize_feature_enabled":true,"jetpack_social_post_already_shared":true,"jetpack_social_options":[]},"product_cat":[37],"product_tag":[55],"jetpack_publicize_connections":[],"aioseo_notices":[],"jetpack_sharing_enabled":true,"jetpack-related-posts":[{"id":136,"url":"https:\/\/buluttuz.com\/index.php\/urun\/ayak-bakim-tuzu-naneli\/","url_meta":{"origin":338,"position":0},"title":"Ayak Bak\u0131m-Banyo Tuzu Naneli 700 gr","date":"Eyl\u00fcl 21, 2018","format":false,"excerpt":"AYAK BAKIM TUZU Kullan\u0131m\u0131 1-paket tuzu 1\/3 oran\u0131nda plastik kovaya d\u00f6k\u00fcn\u00fcz 2-s\u0131cak su ile kovay\u0131 doldurunuz 10-15 dakika erimeye b\u0131rak\u0131n\u0131z 3-ayaklar\u0131n\u0131z\u0131 \u00e7\u0131plak halde kova i\u00e7indeki suya sokunuz. 4-20 dakika bekletiniz. 5-ayaklar\u0131n\u0131z\u0131 tuzlu sudan \u00e7\u0131kartt\u0131ktan sonra 10 dakika kurumaya b\u0131rak\u0131n\u0131z ve sonras\u0131nda y\u0131kay\u0131n\u0131z. 6-ayn\u0131 i\u015flemi en az 6 kez tekrarlay\u0131n\u0131z Not.\u00d6zellikle\u2026","rel":"","context":"Benzer yaz\u0131","img":{"alt_text":"","src":"https:\/\/i0.wp.com\/buluttuz.com\/wp-content\/uploads\/2018\/09\/IMG_20220716_110549-scaled.jpg?fit=558%2C1200&ssl=1&resize=350%2C200","width":350,"height":200},"classes":[]},{"id":143,"url":"https:\/\/buluttuz.com\/index.php\/urun\/ayak-bakim-tuzu-lavantali\/","url_meta":{"origin":338,"position":1},"title":"Ayak Bak\u0131m-Banyo Tuzu Lavantal\u0131 700 gr","date":"Eyl\u00fcl 21, 2018","format":false,"excerpt":"AYAK BAKIM TUZU Kullan\u0131m\u0131 1-paket tuzu 1\/3 oran\u0131nda plastik kovaya d\u00f6k\u00fcn\u00fcz 2-s\u0131cak su ile kovay\u0131 doldurunuz 10-15 dakika erimeye b\u0131rak\u0131n\u0131z 3-ayaklar\u0131n\u0131z\u0131 \u00e7\u0131plak halde kova i\u00e7indeki suya sokunuz. 4-20 dakika bekletiniz. 5-ayaklar\u0131n\u0131z\u0131 tuzlu sudan \u00e7\u0131kartt\u0131ktan sonra 10 dakika kurumaya b\u0131rak\u0131n\u0131z ve sonras\u0131nda y\u0131kay\u0131n\u0131z. 6-ayn\u0131 i\u015flemi en az 6 kez tekrarlay\u0131n\u0131z Not.\u00d6zellikle\u2026","rel":"","context":"Benzer yaz\u0131","img":{"alt_text":"","src":"https:\/\/i0.wp.com\/buluttuz.com\/wp-content\/uploads\/2018\/09\/IMG_20220716_110709-scaled.jpg?fit=558%2C1200&ssl=1&resize=350%2C200","width":350,"height":200},"classes":[]},{"id":151,"url":"https:\/\/buluttuz.com\/index.php\/urun\/ayak-bakim-tuzu-limonlu\/","url_meta":{"origin":338,"position":2},"title":"Ayak Bak\u0131m Banyo Tuzu Limonlu 700 gr","date":"Eyl\u00fcl 21, 2018","format":false,"excerpt":"AYAK BAKIM TUZU Kullan\u0131m\u0131 1-paket tuzu 1\/3 oran\u0131nda plastik kovaya d\u00f6k\u00fcn\u00fcz 2-s\u0131cak su ile kovay\u0131 doldurunuz 10-15 dakika erimeye b\u0131rak\u0131n\u0131z 3-ayaklar\u0131n\u0131z\u0131 \u00e7\u0131plak halde kova i\u00e7indeki suya sokunuz. 4-20 dakika bekletiniz. 5-ayaklar\u0131n\u0131z\u0131 tuzlu sudan \u00e7\u0131kartt\u0131ktan sonra 10 dakika kurumaya b\u0131rak\u0131n\u0131z ve sonras\u0131nda y\u0131kay\u0131n\u0131z. 6-ayn\u0131 i\u015flemi en az 6 kez tekrarlay\u0131n\u0131z Not.\u00d6zellikle\u2026","rel":"","context":"Benzer yaz\u0131","img":{"alt_text":"","src":"https:\/\/i0.wp.com\/buluttuz.com\/wp-content\/uploads\/2018\/09\/IMG_20220716_110430-scaled.jpg?fit=558%2C1200&ssl=1&resize=350%2C200","width":350,"height":200},"classes":[]},{"id":1870,"url":"https:\/\/buluttuz.com\/index.php\/urun\/kirikkale-delice-kaynak-tuzu\/","url_meta":{"origin":338,"position":3},"title":"K\u0131r\u0131kkale Delice Kaynak Tuzu 500 Gr","date":"Temmuz 17, 2021","format":false,"excerpt":"\u00a0\u00a0\u00a0\u00a0\u00a0\u00a0\u00a0\u00a0\u00a0\u00a0\u00a0\u00a0\u00a0\u00a0 \u00a0\u00a0\u00a0\u00a0\u00a0\u00a0\u00a0","rel":"","context":"Benzer yaz\u0131","img":{"alt_text":"","src":"https:\/\/i0.wp.com\/buluttuz.com\/wp-content\/uploads\/2021\/07\/IMG_20220527_113410-scaled.jpg?fit=558%2C1200&ssl=1&resize=350%2C200","width":350,"height":200},"classes":[]},{"id":201,"url":"https:\/\/buluttuz.com\/index.php\/urun\/cankiri-kaya-tuzu-sabunu\/","url_meta":{"origin":338,"position":4},"title":"\u00c7ank\u0131r\u0131 Kaya Tuzu Sabunu","date":"Eyl\u00fcl 22, 2018","format":false,"excerpt":"Kullan\u0131m \u015fekli: Tuz sabununu normal sabunlar gibi kullanabiliriz. \u00d6ncelikle ellerinizi ve sabunu \u0131slat\u0131n\u0131z, sabunu ellerinizde iyice yuvarlad\u0131ktan sonra ellerinize bulasan tuz eriyi\u011fini el, y\u00fcz veya gerekti\u011finde t\u00fcm v\u00fccudunuza iyice yayd\u0131ktan sonra bir sure tuzun cildinize islemesini bekleyiniz. Daha sonra cildinizi durulay\u0131n\u0131z. A\u00e7\u0131klama: Kaya tuzundan yap\u0131lm\u0131\u015f sabunlar cildinizin bak\u0131m\u0131n\u0131 do\u011fal olarak\u2026","rel":"","context":"Benzer yaz\u0131","img":{"alt_text":"","src":"https:\/\/i0.wp.com\/buluttuz.com\/wp-content\/uploads\/2018\/09\/IMG-20220610-WA0021.jpg?fit=600%2C800&ssl=1&resize=350%2C200","width":350,"height":200},"classes":[]},{"id":274,"url":"https:\/\/buluttuz.com\/index.php\/urun\/kristal-cankiri-salamura-tuzu\/","url_meta":{"origin":338,"position":5},"title":"\u00c7ank\u0131r\u0131 Bask\u0131l\u0131 Kristal Salamura Tuzu","date":"Eyl\u00fcl 22, 2018","format":false,"excerpt":"Salamura ile ad\u0131 b\u00fct\u00fcnle\u015fmi\u015f olan tuz bu sekt\u00f6r\u00fcn en \u00f6nemli can damar\u0131d\u0131r. Hangimizin akl\u0131na salamura dendi\u011finde tuz gelmez? Tur\u015fu salamura ile salamura tuz ile haz\u0131rlan\u0131r. Tur\u015fu tuzu \u00fclkemizde g\u0131da sekt\u00f6r\u00fcnde tuz t\u00fcketiminin lokomotifler indendir. Salamura sekt\u00f6r\u00fc i\u00e7in tavsiyemiz g\u0131da sanayi tuzu kullan\u0131m\u0131 y\u00f6n\u00fcndedir. Tuzun erime h\u0131z\u0131 ( zamandan kazanmak i\u00e7in\u2026","rel":"","context":"Benzer yaz\u0131","img":{"alt_text":"","src":"https:\/\/i0.wp.com\/buluttuz.com\/wp-content\/uploads\/2018\/09\/IMG_20220527_115313-scaled.jpg?fit=553%2C1200&ssl=1&resize=350%2C200","width":350,"height":200},"classes":[]}],"_links":{"self":[{"href":"https:\/\/buluttuz.com\/index.php\/wp-json\/wp\/v2\/product\/338"}],"collection":[{"href":"https:\/\/buluttuz.com\/index.php\/wp-json\/wp\/v2\/product"}],"about":[{"href":"https:\/\/buluttuz.com\/index.php\/wp-json\/wp\/v2\/types\/product"}],"replies":[{"embeddable":true,"href":"https:\/\/buluttuz.com\/index.php\/wp-json\/wp\/v2\/comments?post=338"}],"wp:featuredmedia":[{"embeddable":true,"href":"https:\/\/buluttuz.com\/index.php\/wp-json\/wp\/v2\/media\/2939"}],"wp:attachment":[{"href":"https:\/\/buluttuz.com\/index.php\/wp-json\/wp\/v2\/media?parent=338"}],"wp:term":[{"taxonomy":"product_cat","embeddable":true,"href":"https:\/\/buluttuz.com\/index.php\/wp-json\/wp\/v2\/product_cat?post=338"},{"taxonomy":"product_tag","embeddable":true,"href":"https:\/\/buluttuz.com\/index.php\/wp-json\/wp\/v2\/product_tag?post=338"}],"curies":[{"name":"wp","href":"https:\/\/api.w.org\/{rel}","templated":true}]}}