{"id":231,"date":"2018-09-22T12:18:22","date_gmt":"2018-09-22T09:18:22","guid":{"rendered":"https:\/\/buluttuz.com\/?post_type=product&#038;p=231"},"modified":"2023-02-02T21:38:52","modified_gmt":"2023-02-02T18:38:52","slug":"kil-maskesi-sade","status":"publish","type":"product","link":"https:\/\/buluttuz.com\/index.php\/urun\/kil-maskesi-sade\/","title":{"rendered":"Bulut tuz Ye\u015fil Kil Maskesi &#8211; Sade 350 gr"},"content":{"rendered":"<p>Kil Maskesinin Faydalar\u0131 Nelerdir?<br \/>\n* Y\u00fcze s\u00fcr\u00fcld\u00fc\u011f\u00fc andan itibaren kil, cildi uyarmaya ba\u015flar.<br \/>\n* Cildinizdeki lekelerden kurtulmak i\u00e7in kil maskelerinden faydalanabilirsiniz. 6 ayl\u0131k d\u00fczenli kullan\u0131m sonras\u0131nda cildinizdeki lekelerden kurtulabilirsiniz.<br \/>\n* Cildinizde bulunan ve sadece elle dokundu\u011funuzda hissedebildi\u011finiz p\u00fct\u00fcrler cilt maskeleri sayesinde kolayca ge\u00e7mektedir. 1 ayl\u0131k d\u00fczenli kullan\u0131m sonras\u0131nda y\u00fcz\u00fcn\u00fczdeki p\u00fcr\u00fczleri giderebilirsiniz.<br \/>\n* Kil maskesi uyguland\u0131\u011f\u0131 anda kan ak\u0131\u015f\u0131 h\u0131zlan\u0131r ve h\u00fccreler yenilenmeye ba\u015flar. Kil maskeleri, deri alt\u0131nda kalan sivilcelerin g\u00fcn y\u00fcz\u00fcne \u00e7\u0131kmas\u0131nda da etkilidir.<br \/>\n* Kil maskesi sonras\u0131nda cildinizine nemlendirici bir uygulama yapmal\u0131s\u0131n\u0131z.<br \/>\n* D\u00fczenli kullan\u0131ld\u0131\u011f\u0131nda cilt lekeleri ve sivilce lekelerini giderir.<\/p>\n","protected":false},"excerpt":{"rendered":"<p>Kil Maskesinin Faydalar\u0131 Nelerdir? * Y\u00fcze s\u00fcr\u00fcld\u00fc\u011f\u00fc andan itibaren kil, cildi uyarmaya ba\u015flar. * Cildinizdeki lekelerden kurtulmak i\u00e7in kil maskelerinden faydalanabilirsiniz. 6 ayl\u0131k d\u00fczenli kullan\u0131m sonras\u0131nda cildinizdeki lekelerden kurtulabilirsiniz. * Cildinizde bulunan ve sadece elle dokundu\u011funuzda hissedebildi\u011finiz p\u00fct\u00fcrler cilt maskeleri sayesinde kolayca ge\u00e7mektedir. 1 ayl\u0131k d\u00fczenli kullan\u0131m sonras\u0131nda y\u00fcz\u00fcn\u00fczdeki p\u00fcr\u00fczleri giderebilirsiniz. * Kil maskesi uyguland\u0131\u011f\u0131 [&hellip;]<\/p>\n","protected":false},"featured_media":0,"comment_status":"open","ping_status":"closed","template":"","meta":{"jetpack_post_was_ever_published":false,"jetpack_publicize_message":"","jetpack_is_tweetstorm":false,"jetpack_publicize_feature_enabled":true,"jetpack_social_post_already_shared":true,"jetpack_social_options":[]},"product_cat":[31],"product_tag":[45],"jetpack_publicize_connections":[],"aioseo_notices":[],"jetpack_sharing_enabled":true,"jetpack-related-posts":[{"id":824,"url":"https:\/\/buluttuz.com\/index.php\/urun\/sac-kili\/","url_meta":{"origin":231,"position":0},"title":"Ye\u015fil Toz Kil Sa\u00e7 ve Y\u00fcz Kili 500 gr","date":"Eyl\u00fcl 24, 2018","format":false,"excerpt":"Kille Cilt Bak\u0131m\u0131 Birka\u00e7 ka\u015f\u0131k kille, porselen gibi bir cilde sahip olmak i\u00e7in kullanabilecek do\u011fal madde \u00e7e\u015fitlerinin aras\u0131nda kil, muhtemelen en etkilisidir. Tendeki \u0131\u015f\u0131lt\u0131y\u0131 yeniden uyand\u0131rmak i\u00e7in kil masaj\u0131ndan daha yararl\u0131 hi\u00e7bir \u015fey olamaz. \u00d6nceden temizlenmi\u015f cilde haftada iki kez uygulanmas\u0131 yeterlidir. G\u00f6zeneklerde biriken ya\u011f\u0131 ve tozu bu \u015fekilde ar\u0131nd\u0131rmak\u2026","rel":"","context":"Benzer yaz\u0131","img":{"alt_text":"","src":"https:\/\/i0.wp.com\/buluttuz.com\/wp-content\/uploads\/2018\/09\/IMG_20220527_120341-scaled.jpg?fit=558%2C1200&ssl=1&resize=350%2C200","width":350,"height":200},"classes":[]},{"id":201,"url":"https:\/\/buluttuz.com\/index.php\/urun\/cankiri-kaya-tuzu-sabunu\/","url_meta":{"origin":231,"position":1},"title":"\u00c7ank\u0131r\u0131 Kaya Tuzu Sabunu","date":"Eyl\u00fcl 22, 2018","format":false,"excerpt":"Kullan\u0131m \u015fekli: Tuz sabununu normal sabunlar gibi kullanabiliriz. \u00d6ncelikle ellerinizi ve sabunu \u0131slat\u0131n\u0131z, sabunu ellerinizde iyice yuvarlad\u0131ktan sonra ellerinize bulasan tuz eriyi\u011fini el, y\u00fcz veya gerekti\u011finde t\u00fcm v\u00fccudunuza iyice yayd\u0131ktan sonra bir sure tuzun cildinize islemesini bekleyiniz. Daha sonra cildinizi durulay\u0131n\u0131z. A\u00e7\u0131klama: Kaya tuzundan yap\u0131lm\u0131\u015f sabunlar cildinizin bak\u0131m\u0131n\u0131 do\u011fal olarak\u2026","rel":"","context":"Benzer yaz\u0131","img":{"alt_text":"","src":"https:\/\/i0.wp.com\/buluttuz.com\/wp-content\/uploads\/2018\/09\/IMG-20220610-WA0021.jpg?fit=600%2C800&ssl=1&resize=350%2C200","width":350,"height":200},"classes":[]},{"id":204,"url":"https:\/\/buluttuz.com\/index.php\/urun\/himalaya-tuz-sabunu\/","url_meta":{"origin":231,"position":2},"title":"Himalaya Tuz Sabunu","date":"Eyl\u00fcl 22, 2018","format":false,"excerpt":"Kullan\u0131m \u015fekli: Tuz sabununu normal sabunlar gibi kullanabiliriz. \u00d6ncelikle ellerinizi ve sabunu \u0131slat\u0131n\u0131z, sabunu ellerinizde iyice yuvarlad\u0131ktan sonra ellerinize bulasan tuz eriyi\u011fini el, y\u00fcz veya gerekti\u011finde t\u00fcm v\u00fccudunuza iyice yayd\u0131ktan sonra bir sure tuzun cildinize islemesini bekleyiniz. Daha sonra cildinizi durulay\u0131n\u0131z. A\u00e7\u0131klama: Kaya tuzundan yap\u0131lm\u0131\u015f sabunlar cildinizin bak\u0131m\u0131n\u0131 do\u011fal olarak\u2026","rel":"","context":"Benzer yaz\u0131","img":{"alt_text":"","src":"https:\/\/i0.wp.com\/buluttuz.com\/wp-content\/uploads\/2018\/09\/IMG_20220527_121016_500x500.jpg?fit=500%2C500&ssl=1&resize=350%2C200","width":350,"height":200},"classes":[]},{"id":136,"url":"https:\/\/buluttuz.com\/index.php\/urun\/ayak-bakim-tuzu-naneli\/","url_meta":{"origin":231,"position":3},"title":"Ayak Bak\u0131m-Banyo Tuzu Naneli 700 gr","date":"Eyl\u00fcl 21, 2018","format":false,"excerpt":"AYAK BAKIM TUZU Kullan\u0131m\u0131 1-paket tuzu 1\/3 oran\u0131nda plastik kovaya d\u00f6k\u00fcn\u00fcz 2-s\u0131cak su ile kovay\u0131 doldurunuz 10-15 dakika erimeye b\u0131rak\u0131n\u0131z 3-ayaklar\u0131n\u0131z\u0131 \u00e7\u0131plak halde kova i\u00e7indeki suya sokunuz. 4-20 dakika bekletiniz. 5-ayaklar\u0131n\u0131z\u0131 tuzlu sudan \u00e7\u0131kartt\u0131ktan sonra 10 dakika kurumaya b\u0131rak\u0131n\u0131z ve sonras\u0131nda y\u0131kay\u0131n\u0131z. 6-ayn\u0131 i\u015flemi en az 6 kez tekrarlay\u0131n\u0131z Not.\u00d6zellikle\u2026","rel":"","context":"Benzer yaz\u0131","img":{"alt_text":"","src":"https:\/\/i0.wp.com\/buluttuz.com\/wp-content\/uploads\/2018\/09\/IMG_20220716_110549-scaled.jpg?fit=558%2C1200&ssl=1&resize=350%2C200","width":350,"height":200},"classes":[]},{"id":143,"url":"https:\/\/buluttuz.com\/index.php\/urun\/ayak-bakim-tuzu-lavantali\/","url_meta":{"origin":231,"position":4},"title":"Ayak Bak\u0131m-Banyo Tuzu Lavantal\u0131 700 gr","date":"Eyl\u00fcl 21, 2018","format":false,"excerpt":"AYAK BAKIM TUZU Kullan\u0131m\u0131 1-paket tuzu 1\/3 oran\u0131nda plastik kovaya d\u00f6k\u00fcn\u00fcz 2-s\u0131cak su ile kovay\u0131 doldurunuz 10-15 dakika erimeye b\u0131rak\u0131n\u0131z 3-ayaklar\u0131n\u0131z\u0131 \u00e7\u0131plak halde kova i\u00e7indeki suya sokunuz. 4-20 dakika bekletiniz. 5-ayaklar\u0131n\u0131z\u0131 tuzlu sudan \u00e7\u0131kartt\u0131ktan sonra 10 dakika kurumaya b\u0131rak\u0131n\u0131z ve sonras\u0131nda y\u0131kay\u0131n\u0131z. 6-ayn\u0131 i\u015flemi en az 6 kez tekrarlay\u0131n\u0131z Not.\u00d6zellikle\u2026","rel":"","context":"Benzer yaz\u0131","img":{"alt_text":"","src":"https:\/\/i0.wp.com\/buluttuz.com\/wp-content\/uploads\/2018\/09\/IMG_20220716_110709-scaled.jpg?fit=558%2C1200&ssl=1&resize=350%2C200","width":350,"height":200},"classes":[]},{"id":151,"url":"https:\/\/buluttuz.com\/index.php\/urun\/ayak-bakim-tuzu-limonlu\/","url_meta":{"origin":231,"position":5},"title":"Ayak Bak\u0131m Banyo Tuzu Limonlu 700 gr","date":"Eyl\u00fcl 21, 2018","format":false,"excerpt":"AYAK BAKIM TUZU Kullan\u0131m\u0131 1-paket tuzu 1\/3 oran\u0131nda plastik kovaya d\u00f6k\u00fcn\u00fcz 2-s\u0131cak su ile kovay\u0131 doldurunuz 10-15 dakika erimeye b\u0131rak\u0131n\u0131z 3-ayaklar\u0131n\u0131z\u0131 \u00e7\u0131plak halde kova i\u00e7indeki suya sokunuz. 4-20 dakika bekletiniz. 5-ayaklar\u0131n\u0131z\u0131 tuzlu sudan \u00e7\u0131kartt\u0131ktan sonra 10 dakika kurumaya b\u0131rak\u0131n\u0131z ve sonras\u0131nda y\u0131kay\u0131n\u0131z. 6-ayn\u0131 i\u015flemi en az 6 kez tekrarlay\u0131n\u0131z Not.\u00d6zellikle\u2026","rel":"","context":"Benzer yaz\u0131","img":{"alt_text":"","src":"https:\/\/i0.wp.com\/buluttuz.com\/wp-content\/uploads\/2018\/09\/IMG_20220716_110430-scaled.jpg?fit=558%2C1200&ssl=1&resize=350%2C200","width":350,"height":200},"classes":[]}],"_links":{"self":[{"href":"https:\/\/buluttuz.com\/index.php\/wp-json\/wp\/v2\/product\/231"}],"collection":[{"href":"https:\/\/buluttuz.com\/index.php\/wp-json\/wp\/v2\/product"}],"about":[{"href":"https:\/\/buluttuz.com\/index.php\/wp-json\/wp\/v2\/types\/product"}],"replies":[{"embeddable":true,"href":"https:\/\/buluttuz.com\/index.php\/wp-json\/wp\/v2\/comments?post=231"}],"wp:attachment":[{"href":"https:\/\/buluttuz.com\/index.php\/wp-json\/wp\/v2\/media?parent=231"}],"wp:term":[{"taxonomy":"product_cat","embeddable":true,"href":"https:\/\/buluttuz.com\/index.php\/wp-json\/wp\/v2\/product_cat?post=231"},{"taxonomy":"product_tag","embeddable":true,"href":"https:\/\/buluttuz.com\/index.php\/wp-json\/wp\/v2\/product_tag?post=231"}],"curies":[{"name":"wp","href":"https:\/\/api.w.org\/{rel}","templated":true}]}}