{"id":1870,"date":"2021-07-17T14:49:05","date_gmt":"2021-07-17T11:49:05","guid":{"rendered":"https:\/\/buluttuz.com\/?post_type=product&#038;p=1870"},"modified":"2023-09-25T09:27:32","modified_gmt":"2023-09-25T06:27:32","slug":"kirikkale-delice-kaynak-tuzu","status":"publish","type":"product","link":"https:\/\/buluttuz.com\/index.php\/urun\/kirikkale-delice-kaynak-tuzu\/","title":{"rendered":"K\u0131r\u0131kkale Delice Kaynak Tuzu 500 Gr"},"content":{"rendered":"<p>KIRIKKALE DEL\u0130CE KAYNAK TUZU\u00a0 VE\u00a0 SIVI MAY\u0130 TUZ<\/p>\n<p>KULLANIMI FAYDALARI<\/p>\n<p>DEL\u0130CE KAYNAK TUZU VE SIVI TUZ % 100 DO\u011eAL,KATKISIZ VE M\u0130NERAL BAKIMINDAN OLDUK\u00c7A ZENG\u0130N OLUP DO\u011eANIN \u0130NSANLARA SUNDU\u011eU \u00d6NEML\u0130 B\u0130R BES\u0130N MADDES\u0130D\u0130R.<\/p>\n<p>\u00dcRET\u0130M A\u015eAMASINDA H\u0130\u00c7B\u0130R K\u0130MYASAL VE KATKI MADDES\u0130 KULLANILMAYAN DO\u011eAL KAYNAK TUZU SON DERECE SA\u011eLIKLIDIR.<\/p>\n<p>\u0130NSAN V\u00dcCUDU 84 ELEMENTTEN OLU\u015eMAKTADIR.DO\u011eAL KAYNAK TUZUNUN % 98&#8217;\u00dc SODYUM KLOR\u00dcR KALAN KISMI \u0130SE L\u0130TYUM,FOSFOR,KALS\u0130YUM,MAGNEZYUM,SELENYUM VE VANADYUM G\u0130B\u0130 DO\u011eAL M\u0130NERALLERD\u0130R. SOY GAZLAR HAR\u0130\u00c7 D\u0130\u011eER 84 ELEMENT\u0130N BULUNDU\u011eU DO\u011eAL KAYNAK TUZU,SA\u011eLIK \u0130\u00c7\u0130N SON DERECE \u00d6NEML\u0130 OLAN M\u0130NERAL \u0130HT\u0130YACININ TAMIMINI KAR\u015eILIYOR.<\/p>\n<p>KULLANILDI\u011eI ALANLAR;<\/p>\n<p>PEYN\u0130R VE YA\u011e YAPIMINDA<\/p>\n<p>EL DE\u011eMEDEN TORBALANAN T\u00dcKET\u0130C\u0130YE SUNULAN DO\u011eAL KAYNAK TUZUYLA YAPILAN PEYN\u0130R VE YA\u011eLAR BOZULMADA UZUN S\u00dcRE TAZEL\u0130\u011e\u0130N\u0130 KORUYOR.RAF\u0130NE ED\u0130LMEDEN KR\u0130STAL \u0130ZE OLAN DO\u011eAL KAYNAK TUZU Y\u00dcKLEND\u0130\u011e\u0130 M\u0130NERALLER\u0130 MUHAFAZA EDEN TEK TUZ \u00c7E\u015e\u0130D\u0130D\u0130R.<br \/>\nRADYASYON EM\u0130C\u0130 \u00d6ZELL\u0130\u011e\u0130 BULUNUR<\/p>\n<p>RADYASYONUN NE DENL\u0130 TEHL\u0130KEL\u0130 OLDU\u011eU HER KEZ TARAFINDAN B\u0130L\u0130N\u0130YOR. RADYASYON YAYAN C\u0130HAZIN YANINA B\u0130R M\u0130KTAR DO\u011eAL KAYNAK TUZU KONULDU\u011eUNDA RADYASYONU EMEREK ORTAMA YAYILMASINI ENGELL\u0130YOR.B\u00d6YLECE YA\u015eAM ALANLARI \u00c7OK DAHA SA\u011eLIKLI B\u0130R HALE GEL\u0130YOR<br \/>\nDO\u011eAL C\u0130LT SIKILA\u015eTIRICI<\/p>\n<p>\u00d6ZELL\u0130KLE KADINLARIN EN B\u00dcY\u00dcK C\u0130LT SORUNU C\u0130LD\u0130N SARKMASI VE G\u00d6ZENEKLER\u0130N B\u00dcY\u00dcMES\u0130D\u0130R.DO\u011eAL KAYNAK TUZU \u0130LE C\u0130LDE PEELiNG UYGULANDI\u011eINDA C\u0130LD\u0130 \u00d6L\u00dc H\u00dcCRELERDEN ARINDIRARAK SIKILA\u015eTIRIYOR.AYNI ZAMANDA G\u00d6ZENEKLER\u0130 DAHA SIKILA\u015eTIRMASINDAN AK NE VE S\u0130V\u0130LCE G\u0130B\u0130 SORUNLARI ORTADAN KALDIRIYOR.HATTA BANYO SUYUNA KONULDU\u011eUNDA T\u00dcM V\u00dcCUDA AYNI ETK\u0130Y\u0130 YAPARAK SA\u011eLIKLI B\u0130R C\u0130LDE KAVU\u015eMAYI SA\u011eLIYOR.<\/p>\n<p>\u0130Y\u0130 GELEN HASTALIKLAR\u00a0 VE FAYDALARI;<\/p>\n<p>* AN T\u0130-\u00d6DEM \u00d6ZELL\u0130\u011e\u0130NE SAH\u0130PT\u0130R.<\/p>\n<p>* KAN BASINCINI A\u015eIRI Y\u00dcKSELTEN RAF\u0130NE TUZA G\u00d6RE ZARARLI B\u0130R ETK\u0130S\u0130 YOKTUR.<\/p>\n<p>* STRES\u0130 G\u0130DERMEDE ETK\u0130L\u0130D\u0130R.<\/p>\n<p>* S\u0130ND\u0130R\u0130M S\u0130STEM\u0130 RAHATSIZLIKLARINA \u0130Y\u0130 GEL\u0130R.<\/p>\n<p>* M\u0130DE EK\u015e\u0130MES\u0130NE FAYDALIDIR,<\/p>\n<p>* KAN DOLA\u015eIMINI HIZLANDIRIR,<\/p>\n<p>* ROMAT\u0130ZMADA,GUT HASTALI\u011eINDA,KAS KRAMPLARINDA,KAS VE KEM\u0130K A\u011eRILARINDA FAYDALIDIR.<\/p>\n<p>* B\u00d6CEK ISIRIKLARINDA ETK\u0130L\u0130D\u0130R.<\/p>\n<p>* BA\u011eI\u015eIKLIK S\u0130STEM\u0130N\u0130 G\u00dc\u00c7LEND\u0130R\u0130RKEN YA\u015eLANMA ETK\u0130LER\u0130N\u0130 AZALTIR.<\/p>\n<p>* UYKU D\u00dcZENS\u0130ZL\u0130\u011e\u0130NDE FAYDALIDIR.<\/p>\n<p>* KAN \u015eEKER\u0130N\u0130 DENGELER VE DAMAR SA\u011eLI\u011eINA \u0130Y\u0130 GEL\u0130R.<\/p>\n<p>* TANS\u0130YON HASTALARININ KULLANILMASINDA SAKINCA YOKTUR.<\/p>\n","protected":false},"excerpt":{"rendered":"<p><strong>\u00a0\u00a0\u00a0\u00a0\u00a0\u00a0\u00a0\u00a0\u00a0\u00a0\u00a0\u00a0\u00a0\u00a0 \u00a0\u00a0\u00a0\u00a0\u00a0\u00a0\u00a0<\/strong><\/p>\n","protected":false},"featured_media":2823,"comment_status":"open","ping_status":"closed","template":"","meta":{"jetpack_post_was_ever_published":false,"jetpack_publicize_message":"","jetpack_is_tweetstorm":false,"jetpack_publicize_feature_enabled":true,"jetpack_social_post_already_shared":true,"jetpack_social_options":[]},"product_cat":[35],"product_tag":[],"jetpack_publicize_connections":[],"aioseo_notices":[],"jetpack_sharing_enabled":true,"jetpack-related-posts":[{"id":2231,"url":"https:\/\/buluttuz.com\/index.php\/urun\/himalaya-dogal-kaya-tuzu-lambasi-2-3-kg\/","url_meta":{"origin":1870,"position":0},"title":"Himalaya Do\u011fal Kaya Tuzu Lambas\u0131 2-3 kg","date":"Ocak 21, 2022","format":false,"excerpt":"Tuz Lambalar\u0131n\u0131n Faydalar\u0131\u00a0\u00a0\u00a0\u00a0\u00a0\u00a0\u00a0\u00a0 Tuz lambalar\u0131, negatif iyon yayarlar. B\u00f6ylece, havan\u0131n n\u00f6tr le\u015f erek temizlenmesini sa\u011flarlar. Tuz Lambalar\u0131, \"Negatif \u0130yon\" yayarak i\u00e7 mekanlardaki hava kalitesini artt\u0131r\u0131r. Do\u011fal bir negatif iyon jenerat\u00f6r\u00fc olan bu lambalar ger\u00e7ek anlamda \"Havan\u0131n Vitamin\u201dleridirler.\u00a0Negatif \u0130yonlar\u0131n Faydalar\u0131:\u00a0\u00a0\u00a0\u00a0\u00a0\u00a0\u00a0\u00a0\u00a0Stres, fiziksel, ruhsal yorgunluk, uykusuzluk, a\u011fr\u0131lara iyi gelir.\u00a0Nezle, migren, ast\u0131m gibi rahats\u0131zl\u0131klara\u2026","rel":"","context":"Benzer yaz\u0131","img":{"alt_text":"","src":"https:\/\/i0.wp.com\/buluttuz.com\/wp-content\/uploads\/2022\/01\/1603648225529.jpg?fit=320%2C288&ssl=1&resize=350%2C200","width":350,"height":200},"classes":[]},{"id":201,"url":"https:\/\/buluttuz.com\/index.php\/urun\/cankiri-kaya-tuzu-sabunu\/","url_meta":{"origin":1870,"position":1},"title":"\u00c7ank\u0131r\u0131 Kaya Tuzu Sabunu","date":"Eyl\u00fcl 22, 2018","format":false,"excerpt":"Kullan\u0131m \u015fekli: Tuz sabununu normal sabunlar gibi kullanabiliriz. \u00d6ncelikle ellerinizi ve sabunu \u0131slat\u0131n\u0131z, sabunu ellerinizde iyice yuvarlad\u0131ktan sonra ellerinize bulasan tuz eriyi\u011fini el, y\u00fcz veya gerekti\u011finde t\u00fcm v\u00fccudunuza iyice yayd\u0131ktan sonra bir sure tuzun cildinize islemesini bekleyiniz. Daha sonra cildinizi durulay\u0131n\u0131z. A\u00e7\u0131klama: Kaya tuzundan yap\u0131lm\u0131\u015f sabunlar cildinizin bak\u0131m\u0131n\u0131 do\u011fal olarak\u2026","rel":"","context":"Benzer yaz\u0131","img":{"alt_text":"","src":"https:\/\/i0.wp.com\/buluttuz.com\/wp-content\/uploads\/2018\/09\/IMG-20220610-WA0021.jpg?fit=600%2C800&ssl=1&resize=350%2C200","width":350,"height":200},"classes":[]},{"id":136,"url":"https:\/\/buluttuz.com\/index.php\/urun\/ayak-bakim-tuzu-naneli\/","url_meta":{"origin":1870,"position":2},"title":"Ayak Bak\u0131m-Banyo Tuzu Naneli 700 gr","date":"Eyl\u00fcl 21, 2018","format":false,"excerpt":"AYAK BAKIM TUZU Kullan\u0131m\u0131 1-paket tuzu 1\/3 oran\u0131nda plastik kovaya d\u00f6k\u00fcn\u00fcz 2-s\u0131cak su ile kovay\u0131 doldurunuz 10-15 dakika erimeye b\u0131rak\u0131n\u0131z 3-ayaklar\u0131n\u0131z\u0131 \u00e7\u0131plak halde kova i\u00e7indeki suya sokunuz. 4-20 dakika bekletiniz. 5-ayaklar\u0131n\u0131z\u0131 tuzlu sudan \u00e7\u0131kartt\u0131ktan sonra 10 dakika kurumaya b\u0131rak\u0131n\u0131z ve sonras\u0131nda y\u0131kay\u0131n\u0131z. 6-ayn\u0131 i\u015flemi en az 6 kez tekrarlay\u0131n\u0131z Not.\u00d6zellikle\u2026","rel":"","context":"Benzer yaz\u0131","img":{"alt_text":"","src":"https:\/\/i0.wp.com\/buluttuz.com\/wp-content\/uploads\/2018\/09\/IMG_20220716_110549-scaled.jpg?fit=558%2C1200&ssl=1&resize=350%2C200","width":350,"height":200},"classes":[]},{"id":143,"url":"https:\/\/buluttuz.com\/index.php\/urun\/ayak-bakim-tuzu-lavantali\/","url_meta":{"origin":1870,"position":3},"title":"Ayak Bak\u0131m-Banyo Tuzu Lavantal\u0131 700 gr","date":"Eyl\u00fcl 21, 2018","format":false,"excerpt":"AYAK BAKIM TUZU Kullan\u0131m\u0131 1-paket tuzu 1\/3 oran\u0131nda plastik kovaya d\u00f6k\u00fcn\u00fcz 2-s\u0131cak su ile kovay\u0131 doldurunuz 10-15 dakika erimeye b\u0131rak\u0131n\u0131z 3-ayaklar\u0131n\u0131z\u0131 \u00e7\u0131plak halde kova i\u00e7indeki suya sokunuz. 4-20 dakika bekletiniz. 5-ayaklar\u0131n\u0131z\u0131 tuzlu sudan \u00e7\u0131kartt\u0131ktan sonra 10 dakika kurumaya b\u0131rak\u0131n\u0131z ve sonras\u0131nda y\u0131kay\u0131n\u0131z. 6-ayn\u0131 i\u015flemi en az 6 kez tekrarlay\u0131n\u0131z Not.\u00d6zellikle\u2026","rel":"","context":"Benzer yaz\u0131","img":{"alt_text":"","src":"https:\/\/i0.wp.com\/buluttuz.com\/wp-content\/uploads\/2018\/09\/IMG_20220716_110709-scaled.jpg?fit=558%2C1200&ssl=1&resize=350%2C200","width":350,"height":200},"classes":[]},{"id":151,"url":"https:\/\/buluttuz.com\/index.php\/urun\/ayak-bakim-tuzu-limonlu\/","url_meta":{"origin":1870,"position":4},"title":"Ayak Bak\u0131m Banyo Tuzu Limonlu 700 gr","date":"Eyl\u00fcl 21, 2018","format":false,"excerpt":"AYAK BAKIM TUZU Kullan\u0131m\u0131 1-paket tuzu 1\/3 oran\u0131nda plastik kovaya d\u00f6k\u00fcn\u00fcz 2-s\u0131cak su ile kovay\u0131 doldurunuz 10-15 dakika erimeye b\u0131rak\u0131n\u0131z 3-ayaklar\u0131n\u0131z\u0131 \u00e7\u0131plak halde kova i\u00e7indeki suya sokunuz. 4-20 dakika bekletiniz. 5-ayaklar\u0131n\u0131z\u0131 tuzlu sudan \u00e7\u0131kartt\u0131ktan sonra 10 dakika kurumaya b\u0131rak\u0131n\u0131z ve sonras\u0131nda y\u0131kay\u0131n\u0131z. 6-ayn\u0131 i\u015flemi en az 6 kez tekrarlay\u0131n\u0131z Not.\u00d6zellikle\u2026","rel":"","context":"Benzer yaz\u0131","img":{"alt_text":"","src":"https:\/\/i0.wp.com\/buluttuz.com\/wp-content\/uploads\/2018\/09\/IMG_20220716_110430-scaled.jpg?fit=558%2C1200&ssl=1&resize=350%2C200","width":350,"height":200},"classes":[]},{"id":204,"url":"https:\/\/buluttuz.com\/index.php\/urun\/himalaya-tuz-sabunu\/","url_meta":{"origin":1870,"position":5},"title":"Himalaya Tuz Sabunu","date":"Eyl\u00fcl 22, 2018","format":false,"excerpt":"Kullan\u0131m \u015fekli: Tuz sabununu normal sabunlar gibi kullanabiliriz. \u00d6ncelikle ellerinizi ve sabunu \u0131slat\u0131n\u0131z, sabunu ellerinizde iyice yuvarlad\u0131ktan sonra ellerinize bulasan tuz eriyi\u011fini el, y\u00fcz veya gerekti\u011finde t\u00fcm v\u00fccudunuza iyice yayd\u0131ktan sonra bir sure tuzun cildinize islemesini bekleyiniz. Daha sonra cildinizi durulay\u0131n\u0131z. A\u00e7\u0131klama: Kaya tuzundan yap\u0131lm\u0131\u015f sabunlar cildinizin bak\u0131m\u0131n\u0131 do\u011fal olarak\u2026","rel":"","context":"Benzer yaz\u0131","img":{"alt_text":"","src":"https:\/\/i0.wp.com\/buluttuz.com\/wp-content\/uploads\/2018\/09\/IMG_20220527_121016_500x500.jpg?fit=500%2C500&ssl=1&resize=350%2C200","width":350,"height":200},"classes":[]}],"_links":{"self":[{"href":"https:\/\/buluttuz.com\/index.php\/wp-json\/wp\/v2\/product\/1870"}],"collection":[{"href":"https:\/\/buluttuz.com\/index.php\/wp-json\/wp\/v2\/product"}],"about":[{"href":"https:\/\/buluttuz.com\/index.php\/wp-json\/wp\/v2\/types\/product"}],"replies":[{"embeddable":true,"href":"https:\/\/buluttuz.com\/index.php\/wp-json\/wp\/v2\/comments?post=1870"}],"wp:featuredmedia":[{"embeddable":true,"href":"https:\/\/buluttuz.com\/index.php\/wp-json\/wp\/v2\/media\/2823"}],"wp:attachment":[{"href":"https:\/\/buluttuz.com\/index.php\/wp-json\/wp\/v2\/media?parent=1870"}],"wp:term":[{"taxonomy":"product_cat","embeddable":true,"href":"https:\/\/buluttuz.com\/index.php\/wp-json\/wp\/v2\/product_cat?post=1870"},{"taxonomy":"product_tag","embeddable":true,"href":"https:\/\/buluttuz.com\/index.php\/wp-json\/wp\/v2\/product_tag?post=1870"}],"curies":[{"name":"wp","href":"https:\/\/api.w.org\/{rel}","templated":true}]}}